 divided by 16.
12
Let o = 143 - 144. Let q(k) = -13*k**3 + k**2 - k - 2. Calculate the remainder when 116 is divided by q(o).
12
Suppose -i + 20 = 2*s - 0*i, -s + 17 = 4*i. Suppose -66 = 3*p - s. Let x(j) = -j**2 - 21*j - 13. Calculate the remainder when 74 is divided by x(p).
24
Let z(m) = -m**2 + 7*m + 31. Let i be (-7 - -8)*(8 - -1). Calculate the remainder when 86 is divided by z(i).
8
Let t be (5 + -7)/((-6)/9) - 4. What is the remainder when 167 is divided by ((-1)/(5/(-2)))/(t/(-35))?
13
Suppose 5*h = -h + 24. Suppose 5*f - h*c - 127 = 0, 20*c + 83 = 3*f + 21*c. What is the remainder when 96 is divided by f?
15
Let v(s) = -6*s + 248. Calculate the remainder when 192 is divided by v(24).
88
Let o(z) be the second derivative of 11*z**3/2 + z**2/2 + 11*z. Let h be o(1). Let g = h - -10. What is the remainder when g is divided by 23?
21
Let y be ((-560)/252)/(1/(-9)). What is the remainder when -24 + y - (-65 + 3) is divided by (-2)/(-4) - (-59)/2?
28
Let u(g) = g**2 - g - 4. Let b be u(0). What is the remainder when ((-124)/(-155))/(b/(-790)) is divided by 54?
50
Suppose 349 = i - q, -4*q = -i + 380 - 28. Calculate the remainder when i is divided by 58.
0
Suppose u = -2*p + 35, -u + 35 = 3*p - 18. Let x(n) = n**3 - 19*n**2 + 22*n - 33. What is the remainder when 187 is divided by x(p)?
31
Let b(i) = 3*i**2 - 53*i + 123. Let c be b(4). Suppose -4*a - 3*u + 180 = -6*u, 64 = a + 4*u. Let l = a + c. What is the remainder when l is divided by 3?
1
Let v = -31 + 56. Let u(s) = -12*s - 24. What is the remainder when u(-6) is divided by v?
23
Let n be (-10)/(-30) + (-14)/(-3). Suppose 127 = n*r + 17. What is the remainder when 79 is divided by r?
13
Let j be 8/(-12) - (-11)/3. Suppose 0 = 8*u + 56*u - 331 + 75. What is the remainder when j/(-15) + (-56)/(-5) is divided by u?
3
Suppose -5*z - 3*j + 797 = 0, -j + 145 = z - 4*j. What is the remainder when 782 is divided by z?
154
Let n(o) = 2*o + 39. Let c = 15 + -15. Calculate the remainder when (-118)/(4 - 6) + c is divided by n(-12).
14
Suppose 5*f + 192 = -l, 2*l - 5*f + 4*f + 384 = 0. Let z = l - -258. What is the remainder when z is divided by 36?
30
Calculate the remainder when 704 is divided by 2/((-16)/(-366)) + 151/604.
14
Suppose 2*u + 6 = 3*u. Suppose -g + 6*r + u = r, 3*g + 5*r + 2 = 0. Suppose 0 = -5*v - v + 18. What is the remainder when v is divided by g?
0
Suppose -283*z = -145*z - 126*z - 828. Calculate the remainder when 7035 is divided by z.
66
Let a be (-22)/99 - (-170)/(-45). What is the remainder when 492/18*6/a*-1 is divided by 23?
18
Let z = -2151 + 2180. What is the remainder when 1854 is divided by z?
27
Let b = 7695 + -7477. Calculate the remainder when b is divided by 111.
107
Suppose -118*f - 18*f + 1827557 = -1501179. Calculate the remainder when f is divided by 272.
268
Let z(t) = -t - 27. Let w be z(-20). Let r = w + -23. What is the remainder when 118 is divided by r/(-8)*(18/3 - -2)?
28
Let c = -8 - -52. Suppose c = 2*l - 2. Suppose 3*y - 2*y = l. What is the remainder when y is divided by 12?
11
Suppose 0 = 4*f - 234 + 390. Calculate the remainder when 159 is divided by ((-143)/f + 7)/((-4)/(-6)).
15
Suppose -f - 10 = -2*h, f - 20*h = -21*h - 1. Suppose -53 = -4*l - 5. Calculate the remainder when f/2 + -2 - (5 + -32) is divided by l.
11
Suppose -433 = 3*a - 4*a. Let q = -54438 + 54500. What is the remainder when a is divided by q?
61
Suppose -36 = -16*g + 588. What is the remainder when 506 is divided by g?
38
Calculate the remainder when 4705 is divided by (-110)/20 - -5 - (0 + (-180)/8).
19
Suppose 69*v + 974 = 73*v - 5*m, -3*m = 4*v - 1022. Calculate the remainder when 6269 is divided by v.
245
Suppose 77 = -11*q + 396. Suppose 303 = q*h - 26*h. Let k(u) = 4*u + 6. Calculate the remainder when h is divided by k(5).
23
Let n = 41 - 6. Let o(m) = 6234*m - 31074. Calculate the remainder when o(5) is divided by n.
26
Suppose 0 = -74*r - 15*r + 8188. Calculate the remainder when 190 is divided by r.
6
Let t(y) be the second derivative of 14*y**3/3 - 185*y**2/2 - 57*y. What is the remainder when t(9) is divided by 40?
27
Suppose 2*t = 27 - 3. Suppose -v = -5, g - t = -3*g - 4*v. What is the remainder when g/(-1*8/156) is divided by 11?
6
Let u be ((-2)/(-5))/(2/(-30)). Let q(y) = -13*y - 17. Let j be q(u). Let v = j - 47. Calculate the remainder when v is divided by 6.
2
What is the remainder when 47 is divided by 1/((-3)/((-60)/4))?
2
Let u(m) = 337*m - 635. What is the remainder when 772 is divided by u(3)?
20
Let m(q) = -6*q + 20. Let d be m(3). Let z(i) = 3*i**2 - 55 - 2*i**d + 51 + 3*i. What is the remainder when 66 is divided by z(-6)?
10
Suppose 9*t = -2*t + 1111. Calculate the remainder when 190 is divided by t.
89
Let v = -4206 - -4908. What is the remainder when v is divided by 45?
27
Calculate the remainder when 754 is divided by -2*(77/154)/((-2)/48).
10
Let k(f) = 247*f - 1805. What is the remainder when k(22) is divided by 22?
21
Suppose 6*x = 3*j + 141, -10*x + 7*x + 81 = 2*j. What is the remainder when 7371 is divided by x?
21
Let s(w) be the first derivative of 4*w**2 + 38*w + 74. What is the remainder when s(-3) is divided by 13?
1
Suppose 4*t + 138 = -2*q - 1590, 869 = -q - 3*t. Let c = 1211 + q. What is the remainder when c is divided by 24?
21
Let d = -137 + 139. Suppose -5*v = 5, -d*p = v + v + 296. Let f = -124 - p. Calculate the remainder when f is divided by 9.
5
Suppose 6629 = 45*u - 42*u - 2*h, 0 = -4*u - 4*h + 8892. Calculate the remainder when u is divided by 1104.
7
Suppose -3*w + 95 = 2*w. Suppose w - 31 = 4*h. What is the remainder when 15 is divided by (h + 4)/((-2)/(-18) + 0)?
6
Calculate the remainder when 6438/(-4)*(-80)/2040*17 is divided by 60.
53
Let h(o) = o**2 - 11*o - 53. Suppose -p = 2*s - 24, 6*p - 70 = -5*s + p. Calculate the remainder when h(16) is divided by s.
7
Suppose d + 4*q + 22 = -2*d, -3*q - 3 = 0. What is the remainder when 432 is divided by (-1 + -30)/(0 - (-3)/d)?
60
Suppose -5*c = -2*u - 1334, 2*c + 10*u = 14*u + 524. What is the remainder when c is divided by 59?
32
Let f = -18 - -42. Suppose -5*t - f = -9*t. Let v = 1666 - 1661. What is the remainder when t is divided by v?
1
Suppose -33 = j - 150. Suppose z + 3*z + 2*a - 72 = 0, -5*z + 5*a = -120. What is the remainder when j is divided by 100/z + 1 + 14?
17
Let y = -2633 - -2792. What is the remainder when y is divided by 34?
23
Suppose -4*f + 342 = 82. Suppose 2*n - 4*n + 29 = -y, 0 = -5*n - 5*y + f. Let h(z) = z**3 - 9*z**2 + 10*z + 11. What is the remainder when h(8) is divided by n?
13
Suppose 0 = -35*l + 9657 + 10993. What is the remainder when l is divided by 148?
146
Suppose -3*d + 263 = -40. Suppose -3*q - 4*u = -0*u - d, 52 = 2*q - 5*u. Suppose -3*h + q + 5 = 0. Calculate the remainder when 57 is divided by h.
9
Let x(l) = 2*l**2 - 2*l - 8. Let y be x(-3). Suppose -3*z = -23 - y. Suppose 0 = z*s - 11*s - 74. Calculate the remainder when s is divided by 5.
2
Suppose 22*s - 229*s + 788334 = 42*s. What is the remainder when s is divided by 33?
31
Let l be (-105)/70 + 9/(-2). What is the remainder when (0 - (-248)/l)*135/(-90) is divided by 13?
10
Let w = -194 - -269. Let z = w + -63. Calculate the remainder when 81 is divided by z.
9
Suppose 81941 = 25*h - 6*h + 48*h. What is the remainder when h is divided by 38?
7
Suppose -2*s - 18 = 2*b, -3*b + 8*b = -2*s - 21. What is the remainder when 26 is divided by (-4)/s*(-1 - 11)/(-1)?
2
Let x(j) be the third derivative of j**4/4 + 5*j**3/6 - 3*j**2. What is the remainder when 356*2/8 - 0 is divided by x(3)?
20
Suppose h = 5*a - 679, 4*a = -h + 6*h + 560. Let p = -105 + a. Suppose 6*r - j = 3*r + 352, j = -4*r + 481. What is the remainder when r is divided by p?
29
Suppose 0 = 756*v + 27699 - 121443. What is the remainder when v is divided by 65?
59
What is the remainder when 35/(280/(-36))*(-44)/1 is divided by 33?
0
Suppose 155*v - 144*v + 3531 = 0. Let t = -306 - v. Calculate the remainder when 144 is divided by t.
9
Let p(r) = -2*r**3 - r**2 + 2*r + 13. Let i = 220 - 223. What is the remainder when 148 is divided by p(i)?
44
Let q be -3 + 2 - 6/(-2). Suppose q*n + 28 = 36. Suppose 5 = 4*i + n*k - 79, 3*i - 3*k - 39 = 0. What is the remainder when i is divided by 10?
7
Calculate the remainder when